{"id":2,"date":"2021-08-26T09:40:29","date_gmt":"2021-08-26T07:40:29","guid":{"rendered":"https:\/\/www.awo-pflegeteam-hamburg.de\/hausnotruf\/?page_id=2"},"modified":"2025-12-02T01:04:34","modified_gmt":"2025-12-02T00:04:34","slug":"beispiel-seite","status":"publish","type":"page","link":"https:\/\/www.awo-pflegeteam-hamburg.de\/hausnotruf\/","title":{"rendered":"Landingpage"},"content":{"rendered":"\n<div id=\"start\" class=\"wp-block-cw-anchor\"><\/div>\n\n\n\n<h1 class=\"wp-block-heading\"><strong>Tag und Nacht f\u00fcr Sie da!<\/strong><\/h1>\n\n\n\n<p>So lange wie m\u00f6glich selbstst\u00e4ndig zu Hause leben \u2013 ein gutes Gef\u00fchl. W\u00e4re da nicht diese Unsicherheit: Was passiert im Notfall?<\/p>\n\n\n\n<p>In Kooperation mit dem ASB bieten wir von der AWO Hamburg Notrufsysteme und Dienstleistungen rund um das Thema Sicherheit in den eigenen vier W\u00e4nden an. Diese Technik wurde speziell f\u00fcr Notf\u00e4lle geschaffen: bei einem Schlaganfall oder Herzinfarkt, bei einem Sturz, im Falle eines Einbruchs oder bei Bel\u00e4stigung an der Wohnungst\u00fcr.<\/p>\n\n\n\n<p>Mit dem AWO-Hausnotrufsystem sind Sie mit uns verbunden:<\/p>\n\n\n\n<figure class=\"wp-block-image size-full\"><img loading=\"lazy\" decoding=\"async\" width=\"892\" height=\"586\" src=\"https:\/\/www.awo-pflegeteam-hamburg.de\/hausnotruf\/wp-content\/uploads\/2022\/05\/beratung.jpg\" alt=\"\" class=\"wp-image-48\" srcset=\"https:\/\/www.awo-pflegeteam-hamburg.de\/hausnotruf\/wp-content\/uploads\/2022\/05\/beratung.jpg 892w, https:\/\/www.awo-pflegeteam-hamburg.de\/hausnotruf\/wp-content\/uploads\/2022\/05\/beratung-300x197.jpg 300w, https:\/\/www.awo-pflegeteam-hamburg.de\/hausnotruf\/wp-content\/uploads\/2022\/05\/beratung-768x505.jpg 768w\" sizes=\"auto, (max-width: 892px) 100vw, 892px\" \/><\/figure>\n\n\n\n<div style=\"height:10px\" aria-hidden=\"true\" class=\"wp-block-spacer\"><\/div>\n\n\n\n<figure class=\"wp-block-image size-full\"><img loading=\"lazy\" decoding=\"async\" width=\"866\" height=\"279\" src=\"https:\/\/www.awo-pflegeteam-hamburg.de\/hausnotruf\/wp-content\/uploads\/2022\/05\/anleitung.png\" alt=\"\" class=\"wp-image-99\" srcset=\"https:\/\/www.awo-pflegeteam-hamburg.de\/hausnotruf\/wp-content\/uploads\/2022\/05\/anleitung.png 866w, https:\/\/www.awo-pflegeteam-hamburg.de\/hausnotruf\/wp-content\/uploads\/2022\/05\/anleitung-300x97.png 300w, https:\/\/www.awo-pflegeteam-hamburg.de\/hausnotruf\/wp-content\/uploads\/2022\/05\/anleitung-768x247.png 768w\" sizes=\"auto, (max-width: 866px) 100vw, 866px\" \/><\/figure>\n\n\n\n<div id=\"unsere-leistungen\" class=\"wp-block-cw-anchor\"><\/div>\n\n\n\n<div style=\"height:10px\" aria-hidden=\"true\" class=\"wp-block-spacer\"><\/div>\n\n\n\n<h2 class=\"wp-block-heading\"><strong>Unsere Leistungen f\u00fcr Sie<\/strong><\/h2>\n\n\n\n<h2 class=\"wp-block-heading has-text-color\" style=\"color:#e2001a\">Hausnotruf Basispaket <\/h2>\n\n\n\n<ul class=\"wp-block-list\">\n<li>Pers\u00f6nliche Beratung bei Ihnen zu Hause<\/li>\n\n\n\n<li>Bereitstellung und Installation eines Hausnotrufger\u00e4tes inklusive Handsender<\/li>\n\n\n\n<li>24 Stunden Erreichbarkeit der Hausnotrufzentrale<\/li>\n\n\n\n<li>Bearbeitung aller eingehenden Notrufe<\/li>\n\n\n\n<li>Benachrichtigung der von Ihnen bestimmten Vertrauensperson<\/li>\n\n\n\n<li>Bei lebensbedrohlichen Situationen sofortige Benachrichtigung des Rettungsdienstes<\/li>\n\n\n\n<li>Kostenfreie Ger\u00e4tewartung sowie Erneuerung von Handsender-Halterungen\/-B\u00e4ndern<\/li>\n\n\n\n<li>Kostenfreier Ger\u00e4tetausch bei technischer Notwendigkeit binnen 24 Stunden<\/li>\n\n\n\n<li>Erinnerungsservice an Pflegeberatungstermine<\/li>\n\n\n\n<li>Der Preis betr\u00e4gt pro Monat 25,50 Euro<\/li>\n<\/ul>\n\n\n\n<h2 class=\"wp-block-heading has-text-color\" style=\"color:#e2001a\">Basispaket PLUS (Komfortpaket)<\/h2>\n\n\n\n<ul class=\"wp-block-list\">\n<li>alle Leistungen des Basispaketes<\/li>\n\n\n\n<li>Hinterlegung Ihres Schl\u00fcssels in der Hausnotrufzentrale<\/li>\n\n\n\n<li>T\u00fcr\u00f6ffnung bei Schl\u00fcsselverlust<\/li>\n\n\n\n<li>Beratung und Vermittlung von Betreuungsleistungen oder Entlastung im Haushalt<\/li>\n\n\n\n<li>Beratung und Vermittlung von Pflege, wenn Ihre Pflegeperson verhindert ist<\/li>\n\n\n\n<li>Der Preis betr\u00e4gt pro Monat 42,- Euro<\/li>\n\n\n\n<li><\/li>\n\n\n\n<li><\/li>\n\n\n\n<li><\/li>\n\n\n\n<li><\/li>\n<\/ul>\n\n\n\n<div id=\"geraetschaften\" class=\"wp-block-cw-anchor\"><\/div>\n\n\n\n<div style=\"height:10px\" aria-hidden=\"true\" class=\"wp-block-spacer\"><\/div>\n\n\n\n<h2 class=\"wp-block-heading\"><strong>Leistungen auf Wunsch<\/strong><\/h2>\n\n\n\n<div class=\"wp-block-media-text alignwide is-stacked-on-mobile\" style=\"grid-template-columns:40% auto\"><figure class=\"wp-block-media-text__media\"><img loading=\"lazy\" decoding=\"async\" width=\"335\" height=\"257\" src=\"https:\/\/www.awo-pflegeteam-hamburg.de\/hausnotruf\/wp-content\/uploads\/2022\/05\/QL9B7995.jpg\" alt=\"\" class=\"wp-image-47 size-full\" srcset=\"https:\/\/www.awo-pflegeteam-hamburg.de\/hausnotruf\/wp-content\/uploads\/2022\/05\/QL9B7995.jpg 335w, https:\/\/www.awo-pflegeteam-hamburg.de\/hausnotruf\/wp-content\/uploads\/2022\/05\/QL9B7995-300x230.jpg 300w\" sizes=\"auto, (max-width: 335px) 100vw, 335px\" \/><\/figure><div class=\"wp-block-media-text__content\">\n<h2 class=\"wp-block-heading has-text-color\" style=\"color:#e2001a\">Zus\u00e4tzlicher Handsender<\/h2>\n\n\n\n<p>Zu jedem Hausnotrufger\u00e4t geh\u00f6rt immer ein Handsender. Auf Wunsch k\u00f6nnen Sie aber weitere Handsender anmelden.<\/p>\n<\/div><\/div>\n\n\n\n<div class=\"wp-block-media-text alignwide has-media-on-the-right is-stacked-on-mobile\" style=\"grid-template-columns:auto 40%\"><div class=\"wp-block-media-text__content\">\n<h2 class=\"wp-block-heading has-text-color\" style=\"color:#e2001a\">Hausnotruf \u00fcber GSM<\/h2>\n\n\n\n<p>Sie haben keinen Festnetzanschluss? Kein Problem! Es besteht die M\u00f6glichkeit, ein Hausnotrufger\u00e4t mit eingebauter SIM-Karte zu nutzen. Die Basisstation nutzt dann das Mobilfunknetz, um eine Verbindung zur Notrufzentrale herzustellen.<\/p>\n<\/div><figure class=\"wp-block-media-text__media\"><img loading=\"lazy\" decoding=\"async\" width=\"335\" height=\"257\" src=\"https:\/\/www.awo-pflegeteam-hamburg.de\/hausnotruf\/wp-content\/uploads\/2022\/05\/GSM.jpg\" alt=\"\" class=\"wp-image-49 size-full\" srcset=\"https:\/\/www.awo-pflegeteam-hamburg.de\/hausnotruf\/wp-content\/uploads\/2022\/05\/GSM.jpg 335w, https:\/\/www.awo-pflegeteam-hamburg.de\/hausnotruf\/wp-content\/uploads\/2022\/05\/GSM-300x230.jpg 300w\" sizes=\"auto, (max-width: 335px) 100vw, 335px\" \/><\/figure><\/div>\n\n\n\n<div id=\"individuelle-beratung\" class=\"wp-block-cw-anchor\"><\/div>\n\n\n\n<div style=\"height:10px\" aria-hidden=\"true\" class=\"wp-block-spacer\"><\/div>\n\n\n\n<h2 class=\"wp-block-heading\"><strong>Individuelle Beratung<\/strong><br>Wir beraten Sie pers\u00f6nlich und ausf\u00fchrlich<\/h2>\n\n\n\n<p>Der Hausnotruf eignet sich besonders f\u00fcr Menschen, die gesundheitlich eingeschr\u00e4nkt und\/oder oft allein sind. Er kann zum eigenen Sicherheitsgef\u00fchl beitragen und im Ernstfall Leben retten.<\/p>\n\n\n\n<p>Auf Wunsch kommt ein*e AWO-Mitarbeiter*in zu Ihnen nach Hause und ber\u00e4t Sie vor Ort kostenlos und unverbindlich zum Hausnotruf und den verschiedenen Wunschleistungen.<\/p>\n\n\n\n<figure class=\"wp-block-image size-full\"><img loading=\"lazy\" decoding=\"async\" width=\"892\" height=\"586\" src=\"https:\/\/www.awo-pflegeteam-hamburg.de\/hausnotruf\/wp-content\/uploads\/2022\/05\/QL9B5040.jpg\" alt=\"\" class=\"wp-image-46\" srcset=\"https:\/\/www.awo-pflegeteam-hamburg.de\/hausnotruf\/wp-content\/uploads\/2022\/05\/QL9B5040.jpg 892w, https:\/\/www.awo-pflegeteam-hamburg.de\/hausnotruf\/wp-content\/uploads\/2022\/05\/QL9B5040-300x197.jpg 300w, https:\/\/www.awo-pflegeteam-hamburg.de\/hausnotruf\/wp-content\/uploads\/2022\/05\/QL9B5040-768x505.jpg 768w\" sizes=\"auto, (max-width: 892px) 100vw, 892px\" \/><\/figure>\n\n\n\n<h2 class=\"wp-block-heading has-text-color\" style=\"color:#e2001a\">Kostenvoranschlag und Kosten\u00fcbernahme<\/h2>\n\n\n\n<p>Bei anerkannter Pflegebed\u00fcrftigkeit \u00fcbernimmt die Pflegekasse nach Antrag und Bewilligung die Kosten f\u00fcr das Basispaket. Grundleistungsempf\u00e4nger erhalten die gleiche Unterst\u00fctzung. Wir beraten Sie gerne zu den M\u00f6glichkeiten der Kosten\u00fcbernahme. Auf Wunsch \u00fcbernehmen wir auch die Antragsstellung f\u00fcr Sie.<\/p>\n","protected":false},"excerpt":{"rendered":"<p>Tag und Nacht f\u00fcr Sie da! So lange wie m\u00f6glich selbstst\u00e4ndig zu Hause leben \u2013 ein gutes Gef\u00fchl. W\u00e4re da nicht diese Unsicherheit: Was passiert im Notfall? In Kooperation mit dem ASB bieten wir von der AWO Hamburg Notrufsysteme und Dienstleistungen rund um das Thema Sicherheit in den eigenen vier W\u00e4nden an. Diese Technik wurde [&hellip;]<\/p>\n","protected":false},"author":1,"featured_media":50,"parent":0,"menu_order":0,"comment_status":"closed","ping_status":"open","template":"","meta":{"footnotes":""},"class_list":["post-2","page","type-page","status-publish","has-post-thumbnail","hentry"],"_links":{"self":[{"href":"https:\/\/www.awo-pflegeteam-hamburg.de\/hausnotruf\/wp-json\/wp\/v2\/pages\/2","targetHints":{"allow":["GET"]}}],"collection":[{"href":"https:\/\/www.awo-pflegeteam-hamburg.de\/hausnotruf\/wp-json\/wp\/v2\/pages"}],"about":[{"href":"https:\/\/www.awo-pflegeteam-hamburg.de\/hausnotruf\/wp-json\/wp\/v2\/types\/page"}],"author":[{"embeddable":true,"href":"https:\/\/www.awo-pflegeteam-hamburg.de\/hausnotruf\/wp-json\/wp\/v2\/users\/1"}],"replies":[{"embeddable":true,"href":"https:\/\/www.awo-pflegeteam-hamburg.de\/hausnotruf\/wp-json\/wp\/v2\/comments?post=2"}],"version-history":[{"count":29,"href":"https:\/\/www.awo-pflegeteam-hamburg.de\/hausnotruf\/wp-json\/wp\/v2\/pages\/2\/revisions"}],"predecessor-version":[{"id":144,"href":"https:\/\/www.awo-pflegeteam-hamburg.de\/hausnotruf\/wp-json\/wp\/v2\/pages\/2\/revisions\/144"}],"wp:featuredmedia":[{"embeddable":true,"href":"https:\/\/www.awo-pflegeteam-hamburg.de\/hausnotruf\/wp-json\/wp\/v2\/media\/50"}],"wp:attachment":[{"href":"https:\/\/www.awo-pflegeteam-hamburg.de\/hausnotruf\/wp-json\/wp\/v2\/media?parent=2"}],"curies":[{"name":"wp","href":"https:\/\/api.w.org\/{rel}","templated":true}]}}